{"version":"1.0","provider_name":"VVF Consultores Tribut\u00e1rios | Blog","provider_url":"https:\/\/vvfconsultores.com.br\/blog","author_name":"VVF Consultores","author_url":"https:\/\/vvfconsultores.com.br\/blog\/author\/vvfconsult\/","title":"Pillar Two: Tributa\u00e7\u00e3o das Multinacionais - VVF Consultores Tribut\u00e1rios | Blog","type":"rich","width":600,"height":338,"html":"<blockquote class=\"wp-embedded-content\" data-secret=\"o8QvZqhnPi\"><a href=\"https:\/\/vvfconsultores.com.br\/blog\/pillar-two-tributacao-das-multinacionais\/\">Pillar Two: Tributa\u00e7\u00e3o das Multinacionais<\/a><\/blockquote><iframe sandbox=\"allow-scripts\" security=\"restricted\" src=\"https:\/\/vvfconsultores.com.br\/blog\/pillar-two-tributacao-das-multinacionais\/embed\/#?secret=o8QvZqhnPi\" width=\"600\" height=\"338\" title=\"&#8220;Pillar Two: Tributa\u00e7\u00e3o das Multinacionais&#8221; &#8212; VVF Consultores Tribut\u00e1rios | Blog\" data-secret=\"o8QvZqhnPi\" frameborder=\"0\" marginwidth=\"0\" marginheight=\"0\" scrolling=\"no\" class=\"wp-embedded-content\"><\/iframe><script type=\"text\/javascript\">\n\/* <![CDATA[ *\/\n\/*! This file is auto-generated *\/\n!function(d,l){\"use strict\";l.querySelector&&d.addEventListener&&\"undefined\"!=typeof URL&&(d.wp=d.wp||{},d.wp.receiveEmbedMessage||(d.wp.receiveEmbedMessage=function(e){var t=e.data;if((t||t.secret||t.message||t.value)&&!\/[^a-zA-Z0-9]\/.test(t.secret)){for(var s,r,n,a=l.querySelectorAll('iframe[data-secret=\"'+t.secret+'\"]'),o=l.querySelectorAll('blockquote[data-secret=\"'+t.secret+'\"]'),c=new RegExp(\"^https?:$\",\"i\"),i=0;i<o.length;i++)o[i].style.display=\"none\";for(i=0;i<a.length;i++)s=a[i],e.source===s.contentWindow&&(s.removeAttribute(\"style\"),\"height\"===t.message?(1e3<(r=parseInt(t.value,10))?r=1e3:~~r<200&&(r=200),s.height=r):\"link\"===t.message&&(r=new URL(s.getAttribute(\"src\")),n=new URL(t.value),c.test(n.protocol))&&n.host===r.host&&l.activeElement===s&&(d.top.location.href=t.value))}},d.addEventListener(\"message\",d.wp.receiveEmbedMessage,!1),l.addEventListener(\"DOMContentLoaded\",function(){for(var e,t,s=l.querySelectorAll(\"iframe.wp-embedded-content\"),r=0;r<s.length;r++)(t=(e=s[r]).getAttribute(\"data-secret\"))||(t=Math.random().toString(36).substring(2,12),e.src+=\"#?secret=\"+t,e.setAttribute(\"data-secret\",t)),e.contentWindow.postMessage({message:\"ready\",secret:t},\"*\")},!1)))}(window,document);\n\/* ]]> *\/\n<\/script>\n","thumbnail_url":"https:\/\/vvfconsultores.com.br\/blog\/wp-content\/uploads\/2024\/11\/03-Adicional-CSLL-2.jpg","thumbnail_width":845,"thumbnail_height":605,"description":"Em 3 de outubro de 2024, foi publicada a Medida Provis\u00f3ria n\u00ba 1.262\/24, que instituiu o Adicional da Contribui\u00e7\u00e3o Social Sobre o Lucro L\u00edquido (CSLL). A finalidade do adicional \u00e9 estabelecer uma tributa\u00e7\u00e3o m\u00ednima efetiva de 15% (quinze por cento) sobre as entidades integrantes de grupo multinacional que, em pelo menos dois dos quatro anos [&hellip;]"}

VVF Consultores Tributários | Blog

Pillar Two: Tributação das Multinacionais - VVF Consultores Tributários | Blog

<blockquote class="wp-embedded-content" data-secret="o8QvZqhnPi"><a href="https://vvfconsultores.com.br/blog/pillar-two-tributacao-das-multinacionais/">Pillar Two: Tributação das Multinacionais</a></blockquote><iframe sandbox="allow-scripts" security="restricted" src="https://vvfconsultores.com.br/blog/pillar-two-tributacao-das-multinacionais/embed/#?secret=o8QvZqhnPi" width="600" height="338" title="&#8220;Pillar Two: Tributação das Multinacionais&#8221; &#8212; VVF Consultores Tributários | Blog" data-secret="o8QvZqhnPi" frameborder="0" marginwidth="0" marginheight="0" scrolling="no" class="wp-embedded-content"></iframe><script type="text/javascript">
/* <![CDATA[ */
/*! This file is auto-generated */
!function(d,l){"use strict";l.querySelector&&d.addEventListener&&"undefined"!=typeof URL&&(d.wp=d.wp||{},d.wp.receiveEmbedMessage||(d.wp.receiveEmbedMessage=function(e){var t=e.data;if((t||t.secret||t.message||t.value)&&!/[^a-zA-Z0-9]/.test(t.secret)){for(var s,r,n,a=l.querySelectorAll('iframe[data-secret="'+t.secret+'"]'),o=l.querySelectorAll('blockquote[data-secret="'+t.secret+'"]'),c=new RegExp("^https?:$","i"),i=0;i<o.length;i++)o[i].style.display="none";for(i=0;i<a.length;i++)s=a[i],e.source===s.contentWindow&&(s.removeAttribute("style"),"height"===t.message?(1e3<(r=parseInt(t.value,10))?r=1e3:~~r<200&&(r=200),s.height=r):"link"===t.message&&(r=new URL(s.getAttribute("src")),n=new URL(t.value),c.test(n.protocol))&&n.host===r.host&&l.activeElement===s&&(d.top.location.href=t.value))}},d.addEventListener("message",d.wp.receiveEmbedMessage,!1),l.addEventListener("DOMContentLoaded",function(){for(var e,t,s=l.querySelectorAll("iframe.wp-embedded-content"),r=0;r<s.length;r++)(t=(e=s[r]).getAttribute("data-secret"))||(t=Math.random().toString(36).substring(2,12),e.src+="#?secret="+t,e.setAttribute("data-secret",t)),e.contentWindow.postMessage({message:"ready",secret:t},"*")},!1)))}(window,document);
/* ]]> */
</script>

Em 3 de outubro de 2024, foi publicada a Medida Provisória nº 1.262/24, que instituiu o Adicional da Contribuição Social Sobre o Lucro Líquido (CSLL). A finalidade do adicional é estabelecer uma tributação mínima efetiva de 15% (quinze por cento) sobre as entidades integrantes de grupo multinacional que, em pelo menos dois dos quatro anos [&hellip;]
